{"id":424,"date":"2026-03-16T13:20:31","date_gmt":"2026-03-16T16:20:31","guid":{"rendered":"https:\/\/www.rodeioitu.com.br\/loja-virtual2\/?post_type=product&#038;p=424"},"modified":"2026-03-16T13:20:31","modified_gmt":"2026-03-16T16:20:31","slug":"garrafa-termica-20-anos-branca","status":"publish","type":"product","link":"https:\/\/www.rodeioitu.com.br\/loja-virtual2\/produto\/garrafa-termica-20-anos-branca\/","title":{"rendered":"Garrafa T\u00e9rmica 20 anos &#8211; Branca"},"content":{"rendered":"","protected":false},"excerpt":{"rendered":"<p>Garrafa t\u00e9rmica com al\u00e7a, borracha antiderrapante no fundo e capacidade de 1000ml.<\/p>\n","protected":false},"featured_media":416,"comment_status":"open","ping_status":"closed","template":"","meta":[],"product_brand":[],"product_cat":[35],"product_tag":[],"class_list":{"0":"post-424","1":"product","2":"type-product","3":"status-publish","4":"has-post-thumbnail","6":"product_cat-garrafas","8":"first","9":"instock","10":"shipping-taxable","11":"purchasable","12":"product-type-simple"},"_links":{"self":[{"href":"https:\/\/www.rodeioitu.com.br\/loja-virtual2\/wp-json\/wp\/v2\/product\/424","targetHints":{"allow":["GET"]}}],"collection":[{"href":"https:\/\/www.rodeioitu.com.br\/loja-virtual2\/wp-json\/wp\/v2\/product"}],"about":[{"href":"https:\/\/www.rodeioitu.com.br\/loja-virtual2\/wp-json\/wp\/v2\/types\/product"}],"replies":[{"embeddable":true,"href":"https:\/\/www.rodeioitu.com.br\/loja-virtual2\/wp-json\/wp\/v2\/comments?post=424"}],"wp:featuredmedia":[{"embeddable":true,"href":"https:\/\/www.rodeioitu.com.br\/loja-virtual2\/wp-json\/wp\/v2\/media\/416"}],"wp:attachment":[{"href":"https:\/\/www.rodeioitu.com.br\/loja-virtual2\/wp-json\/wp\/v2\/media?parent=424"}],"wp:term":[{"taxonomy":"product_brand","embeddable":true,"href":"https:\/\/www.rodeioitu.com.br\/loja-virtual2\/wp-json\/wp\/v2\/product_brand?post=424"},{"taxonomy":"product_cat","embeddable":true,"href":"https:\/\/www.rodeioitu.com.br\/loja-virtual2\/wp-json\/wp\/v2\/product_cat?post=424"},{"taxonomy":"product_tag","embeddable":true,"href":"https:\/\/www.rodeioitu.com.br\/loja-virtual2\/wp-json\/wp\/v2\/product_tag?post=424"}],"curies":[{"name":"wp","href":"https:\/\/api.w.org\/{rel}","templated":true}]}}